. Suppose 3*w - g - 2239 = 1006, 3*g = -b. Is w composite?
True
Let t(m) = -36*m - 5. Suppose 0 = 2*k - 1 - 3. Suppose 2 = k*l + 6. Is t(l) prime?
True
Let p be 4*3/6*-2. Let n be -2*((-146)/p - 0). Let t = n + 106. Is t prime?
False
Suppose 0 = -10*v - 4999 + 46889. Is v a prime number?
False
Let y be 1*(-7 + 5 - -35). Is ((-154)/y)/(2/(-993)) + 4 a composite number?
True
Is -3*((-1806)/18 - 2) composite?
False
Is 119875 + (28 + -26)/(3/(-9)) prime?
True
Let s(k) = -3706*k**2 + 4*k + 6. Let o(b) = b**2 + b + 1. Let p(w) = 5*o(w) - s(w). Is p(-1) prime?
True
Let l(x) be the third derivative of -x**6/120 - 2*x**5/15 + x**4/2 - 13*x**3/6 - 8*x**2. Is l(-12) a prime number?
True
Let d(h) = 14*h**2 + 4*h + 5. Let s be 0 + (-2 - 0/(-4)). Is d(s) composite?
False
Suppose -3*w + 66464 = 4505. Is w a prime number?
False
Let d = 12 - 6. Suppose -6*f + 4*f - d = 0. Let h(g) = -g**3 - 2*g**2 - g - 1. Is h(f) prime?
True
Let w(q) = 2*q**3 - 9*q**2 + 10*q + 11. Is w(6) a composite number?
False
Let h(l) = -l**2 + 6*l - 4. Let j be h(6). Let y(c) = -3*c**3 - 3*c**2 + 5. Let u be y(j). Suppose 0 = -o + 74 + u. Is o a prime number?
True
Let d be 42/10 - (87/(-15) - -6). Suppose d*q - 237 = 5279. Is q composite?
True
Let t(s) = 137*s**2 + s - 1. Let f be t(2). Suppose -5*n + 0*n + 3*c = -547, 5*n = c + f. Suppose 3*w = w + n. Is w composite?
True
Let j be 1/(-2) + (-20)/8 + 3. Suppose j = 7*y - 6*y + 4*o - 1745, 2*y - 3499 = -5*o. Is y prime?
False
Let p = -5216 + 9202. Is p a prime number?
False
Let g be 4/6 - (-2540)/15. Suppose 3*d = 67 + g. Is d composite?
False
Let w(r) = -29*r. Let c be 16/10*35/14. Suppose 0 = -c*s + 3*s - 17. Is w(s) prime?
False
Let f(s) = 22*s**2 - 35*s + 40. Is f(11) a composite number?
True
Let k be (-5 - -3)*(2 - 3) - -15. Let j(v) = 12*v - 27. Is j(k) composite?
True
Let q be (-8)/(5 - 3) - -27. Let d = q + -19. Suppose -d*n + 9 = -3*n. Is n composite?
True
Suppose 7*b - 35 = -0*b. Suppose -5*p + 3*j = 165, 0 = -p + 4*p - b*j + 83. Is (-1)/3 + (-15528)/p a prime number?
True
Suppose -5*l = 2*f - 321, -4*f - 335 = -5*l + f. Suppose -2*k = -t - l, k + 20 = 3*t + 60. Let d = k - 0. Is d a prime number?
True
Let n(s) = 141*s**2 - 10*s + 1. Let g be n(7). Let h = g - 3887. Is h composite?
False
Let o(c) be the first derivative of 34*c**3/3 + 5*c**2/2 + 2*c + 3. Is o(-3) a prime number?
True
Let z(x) = 87*x + 13. Suppose -13*o + 16*o - 18 = 0. Let j be z(o). Let f = j + -82. Is f a prime number?
False
Suppose 0 = -2*f - 0*f - 374. Let i be (1 - f/(-2))*-2. Suppose -2*x + 6*m = 4*m - 80, 5*x = 2*m + i. Is x composite?
True
Suppose 0*w = -3*w + 2*v - 148, -2*w - v = 87. Let b = -17 - -26. Let s = b - w. Is s a composite number?
True
Suppose 2*j + 36*a = 41*a + 3284, -3*j + 5*a + 4921 = 0. Is j a composite number?
False
Suppose 0 = -4*l - 2*b + 2848, 0*l + 5*l + 3*b - 3560 = 0. Let q = -455 + l. Is q composite?
False
Suppose 0 = 2*r - 2*l - 8, 3*r + 4 = -3*l - 8. Let n(o) = 425*o**2 + 221 - 424*o**2 + 2*o - 2*o. Is n(r) composite?
True
Is 126 + 1 + 0/(2 - 12) a composite number?
False
Let f = -16 - -51. Let a = f - 22. Is a a prime number?
True
Is 39/65 - 19442/(-5) a composite number?
False
Suppose 3*b + 0*b - 2751 = 0. Suppose 0 = 5*l - b - 1878. Suppose 6*g - 407 - l = 0. Is g a prime number?
False
Let k be (-8 - 20/(-4)) + 3964. Let i = k + -920. Is i prime?
True
Let b(j) = -2*j + 3. Let d = -25 + 22. Is b(d) composite?
True
Let m(j) be the first derivative of j**5/60 - j**4/6 + 19*j**3/6 + 7*j**2/2 - 5. Let g(h) be the second derivative of m(h). Is g(16) prime?
True
Let k(f) = -f**3 + 6*f**2 - 4*f - 1. Let b be k(5). Suppose -b*m = -4*n - 0*m + 144, m - 180 = -5*n. Suppose -3*h = h - n. Is h composite?
True
Let m be 465/(7*4/16 - 1). Suppose -11*q + m = -q. Is q prime?
False
Let l(q) = 118*q + 8. Let w be l(-3). Let p = -225 - w. Is p a composite number?
True
Let l(b) = -11 - 3*b + b**3 - 10 - 8 - 3*b**2 + 24*b**2. Is l(-20) a composite number?
False
Let d = 18 - 33. Let n = -13 - d. Suppose n*q - 341 = 15. Is q a composite number?
True
Let i = 4 + -1. Let t = i - -1. Suppose 4*x - 2*x + 264 = t*a, a - 69 = -x. Is a a composite number?
False
Is ((-37865)/25)/((-1)/5) a composite number?
False
Let j = 2278 + -1389. Is j prime?
False
Let o = -6 + -1. Let j(t) = t + 4. Let i be j(o). Is 2*(i + 292/8) a prime number?
True
Suppose -5*s - 3*a = -33041, 3*s = 5*a + 22431 - 2620. Is s a prime number?
True
Suppose -3*u + g = -30190, 19*u + 5*g - 40247 = 15*u. Is u prime?
False
Suppose -5*x + s + s - 114 = 0, 4*x + s + 86 = 0. Let m = 12 + x. Let h = 25 + m. Is h prime?
False
Is ((-285)/(-10) - -7)/((-2)/(-4)) prime?
True
Is (16/6)/(-4)*288951/(-62) a composite number?
True
Suppose 6 = -4*b + 2. Let r be 451/4 - (-4 + (-105)/(-28)). Is (-1)/b + r + 1 prime?
False
Suppose 0 = 4*m + w - 13, -m = 4*w + w + 11. Suppose m*d - 526 = 4*o + 4330, 4*o = 5*d - 6069. Is d composite?
False
Let s(x) = -6*x**3 + x**2 + 18*x + 20. Let n be s(-12). Suppose 0 = 7*b - 11*b + n. Is b prime?
True
Suppose -a = 4*g - 23708, -4*a - 13600 - 4162 = -3*g. Is g prime?
False
Suppose 20*s = 15*s + 6015. Is s a composite number?
True
Let r be (-2)/(-4)*24/3. Suppose -4*z = 5*b - 2*z - 1525, -r*b + 1220 = -4*z. Is b prime?
False
Let g be 9/(-7) - -1 - (-132)/21. Is 3346/g + 6/(-9) composite?
False
Let g(y) = -18*y + 13. Let d(k) = 35*k - 24. Let b(n) = -6*d(n) - 11*g(n). Is b(-3) a prime number?
True
Suppose -2*p + 12*p - 122710 = 0. Is p composite?
True
Let m(l) = 2*l + 4. Let q be m(-5). Let k(r) = -r**3 - 5*r**2 + 7*r + 9. Let p be k(q). Is p - (6 + -4 - 294) a prime number?
False
Let r(b) = 75*b**2 + 9*b + 22. Let p be r(-6). Let a = p - 1307. Is a prime?
True
Let g be (-2 + -14)/((-1)/(-2)). Let d = g + 1291. Is d composite?
False
Let b = 30627 - -23354. Is b a composite number?
True
Let b = 44 + -91. Let o = b - -121. Is o composite?
True
Suppose k - 8*k = 4669. Let u = 2040 + k. Is u composite?
False
Let h be ((-20)/(-12))/((-2)/(-6)). Is (h*76)/((-2)/(-7)) - -3 a prime number?
False
Let n = -28 + 31. Let o(t) = 108*t + 7. Is o(n) a prime number?
True
Let t = -12929 - -19276. Is t a prime number?
False
Suppose -18 = -k + 5*j - 8*j, 4*k - 4*j = -8. Suppose 2*r + 2356 = 4*s, -k*r + 5*r - 8 = 0. Is s a prime number?
False
Suppose -3 = -y - 6, 5*x + y - 64892 = 0. Is x prime?
True
Suppose 3*p - 28003 + 3826 = 0. Is p a prime number?
True
Suppose 4*d = 16 - 0. Suppose d*b + 12 = 0, -4*t - 6*b + 1181 = -b. Is t composite?
True
Suppose 3*a - 7*a = -2296. Let f(x) = -8*x**2 - 8*x - 15. Let r be f(-7). Let z = r + a. Is z a prime number?
True
Let i = 54 + -48. Is -687*(i/(-2))/(18/4) a prime number?
False
Let x(l) be the first derivative of 5*l**4/4 - 4*l**3/3 + 7*l**2/2 + 4*l - 5. Let n be x(8). Is n/10 + (-18)/(-30) composite?
True
Suppose -3*b + 11 + 13 = 3*h, -20 = -5*b - h. Suppose -5*o = -y - 161, 2*y + 101 = 3*o - b*y. Is (-2)/(-8) + 9432/o a composite number?
True
Let l = 16 + -10. Suppose s + 100 = l*s. Let h = s - 9. Is h composite?
False
Let y(g) = -11*g**3 - 4*g**2 - 3*g - 2. Let i be y(-5). Suppose 4*k - 1436 - i = 0. Suppose -2*q = -449 - k. Is q prime?
False
Let j(l) = 169*l + 18. Let b be j(6). Suppose -4*f + 5*z = -739 - 277, 4*f = z + b. Is f composite?
True
Suppose -10 = 2*c, -4*c + 28 - 68 = -4*y. Suppose y*w - 7*w = -238. Is w a prime number?
False
Let m = -3447 - -14096. Is m composite?
True
Suppose 5*q - 71 = 109. Suppose 0 = q*j - 37*j + 1531. Is j a composite number?
False
Let q(x) = x**2 - x + 6. Suppose w - 5 = -2*y, 2*y = 4*w + 34 - 4. Let j be q(w). Suppose 2*l = 118 + j. Is l prime?
False
Suppose 0 = -5*h + 2*y - 436, 4*h + 93 = 3*y - 260. Let f = -150 - h. Let x = 121 + f. Is x prime?
False
Suppose -48637 = -5*y + b, y - 4*b = -4*y + 48643. Is y a prime number?
False
Let r(a) = 2568*a**2 + 11*a - 17. Is r(2) a composite number?
True
Let x(u) = -478*u - 107. Is x(-9) a composite number?
True
Let z(k) = k**3 + 23*k**2 - 3*k - 26. Let m(g) = -2*g**3 - 23*g**2 + 2*g + 26. Let i(l) = 2*m(l) + 3*z(l). Is i(21) a composite number?
False
Suppose -2*f - 4 = -26. Let o be ((-117)/(-6))/(8/16). Suppose 4*c = 3*j - o - f, 0 = -5*j + 4*c + 94. Is j prime?
False
Suppose 5 = 5*j - 15. Suppose -2*g = j*p + 8, 2*p - 8 = g + 5*p. Is ((-2)/g)/((-1)/50) a comp